e remainder when 1323 is divided by 233?
158
What is the remainder when 11214 is divided by 50?
14
Calculate the remainder when 1094 is divided by 146.
72
What is the remainder when 323906 is divided by 549?
545
Calculate the remainder when 815 is divided by 335.
145
Calculate the remainder when 66708 is divided by 37.
34
What is the remainder when 8457 is divided by 8453?
4
What is the remainder when 569596 is divided by 1600?
1596
Calculate the remainder when 115953 is divided by 485.
38
What is the remainder when 75 is divided by 47?
28
Calculate the remainder when 341 is divided by 67.
6
What is the remainder when 19914 is divided by 6625?
39
Calculate the remainder when 623 is divided by 24.
23
What is the remainder when 32209 is divided by 58?
19
Calculate the remainder when 7535 is divided by 165.
110
What is the remainder when 525 is divided by 514?
11
Calculate the remainder when 852 is divided by 821.
31
What is the remainder when 34242 is divided by 11406?
24
What is the remainder when 50898 is divided by 109?
104
What is the remainder when 38438 is divided by 1480?
1438
What is the remainder when 335247 is divided by 340?
7
Calculate the remainder when 65790 is divided by 982.
978
What is the remainder when 63164 is divided by 10?
4
Calculate the remainder when 36447 is divided by 317.
309
What is the remainder when 105598 is divided by 66?
64
What is the remainder when 21124 is divided by 872?
196
Calculate the remainder when 184407 is divided by 46067.
139
Calculate the remainder when 12560 is divided by 256.
16
Calculate the remainder when 25100 is divided by 259.
236
What is the remainder when 174068 is divided by 174053?
15
What is the remainder when 21166 is divided by 353?
339
What is the remainder when 279342 is divided by 208?
206
What is the remainder when 257190 is divided by 40?
30
Calculate the remainder when 12070 is divided by 5.
0
Calculate the remainder when 358426 is divided by 539.
530
What is the remainder when 4984 is divided by 984?
64
Calculate the remainder when 99630 is divided by 457.
4
Calculate the remainder when 159729 is divided by 87.
84
What is the remainder when 441239 is divided by 1935?
59
Calculate the remainder when 159527 is divided by 59.
50
Calculate the remainder when 6911873 is divided by 399.
395
Calculate the remainder when 1020 is divided by 210.
180
Calculate the remainder when 428849 is divided by 28588.
29
What is the remainder when 145474 is divided by 23?
22
Calculate the remainder when 303275 is divided by 38.
35
What is the remainder when 387424 is divided by 34?
28
Calculate the remainder when 331337 is divided by 20.
17
Calculate the remainder when 35012 is divided by 3889.
11
What is the remainder when 28045 is divided by 25?
20
Calculate the remainder when 102672 is divided by 577.
543
Calculate the remainder when 41320 is divided by 287.
279
Calculate the remainder when 46337 is divided by 25.
12
Calculate the remainder when 431621 is divided by 4.
1
Calculate the remainder when 43770 is divided by 72.
66
Calculate the remainder when 8548 is divided by 1024.
356
What is the remainder when 8034 is divided by 193?
121
Calculate the remainder when 4473 is divided by 194.
11
Calculate the remainder when 135194 is divided by 99.
59
What is the remainder when 5270 is divided by 110?
100
What is the remainder when 1486 is divided by 352?
78
Calculate the remainder when 33167 is divided by 307.
11
What is the remainder when 4093 is divided by 272?
13
What is the remainder when 17816 is divided by 220?
216
Calculate the remainder when 1168378 is divided by 1024.
1018
Calculate the remainder when 11610 is divided by 63.
18
What is the remainder when 646 is divided by 461?
185
Calculate the remainder when 2626 is divided by 114.
4
Calculate the remainder when 35097 is divided by 156.
153
Calculate the remainder when 2334 is divided by 1004.
326
Calculate the remainder when 5218 is divided by 23.
20
Calculate the remainder when 4536 is divided by 141.
24
Calculate the remainder when 330597 is divided by 123.
96
What is the remainder when 631468 is divided by 32?
12
Calculate the remainder when 76636 is divided by 482.
480
What is the remainder when 1913 is divided by 623?
44
Calculate the remainder when 16673 is divided by 16671.
2
Calculate the remainder when 321734 is divided by 63.
56
Calculate the remainder when 328114 is divided by 868.
10
What is the remainder when 23109 is divided by 115?
109
What is the remainder when 5554 is divided by 98?
66
What is the remainder when 275965 is divided by 14?
11
Calculate the remainder when 7872 is divided by 389.
92
Calculate the remainder when 104980 is divided by 52489.
2
What is the remainder when 5584188 is divided by 8?
4
Calculate the remainder when 25355 is divided by 52.
31
What is the remainder when 19392 is divided by 1934?
52
What is the remainder when 5133 is divided by 367?
362
Calculate the remainder when 76364 is divided by 289.
68
Calculate the remainder when 5377 is divided by 1070.
27
What is the remainder when 14669 is divided by 178?
73
What is the remainder when 139079 is divided by 57?
56
Calculate the remainder when 69900 is divided by 283.
282
What is the remainder when 11811 is divided by 1344?
1059
What is the remainder when 134759 is divided by 77?
9
Calculate the remainder when 22489 is divided by 86.
43
What is the remainder when 7439 is divided by 3706?
27
Calculate the remainder when 605797 is divided by 466.
463
What is the remainder when 70460 is divided by 892?
884
What is the remainder when 5383676 is divided by 119?
116
Calculate the remainder when 5615260 is divided by 942.
940
What is the remainder when 2131 is divided by 212?
11
Calculate the remainder when 46127 is divided by 2713.
6
Calculate the remainder when 6277 is divided by 1996.
289
What is the remainder when 7839 is divided by 1911?
195
Calculate the remainder when 1826282 is divided by 260897.
3
Calculate the remainder when 85205 is divided by 27.
20
Calculate the remainder when 417154 is divided by 13.
10
What is the remainder when 1040736 is divided by 19?
11
What is the remainder when 23181 is divided by 126?
123
What is the remainder when 7787 is divided by 7774?
13
Calculate the remainder when 855 is divided by 820.
35
Calculate the remainder when 17549 is divided by 231.
224
Calculate the remainder when 72008 is divided by 78.
14
What is the remainder when 1838 is divided by 108?
2
What is the remainder when 601 is divided by 397?
204
Calculate the remainder when 17635 is divided by 327.
304
What is the remainder when 512 is divided by 109?
76
Calculate the remainder when 887 is divided by 72.
23
What is the remainder when 16062 is divided by 119?
116
What is the remainder when 9584 is divided by 94?
90
What is the remainder when 265748 is divided by 11?
10
Calculate the remainder when 42373 is divided by 8467.
38
What is the remainder when 813 is divided by 501?
312
What is the remainder when 673 is divided by 316?
41
What is the remainder when 3150 is divided by 8?
6
Calculate the remainder when 29274 is divided by 1167.
99
What is the remainder when 1151 is divided by 66?
29
What is the remainder when 739933 is divided by 298?
297
What is the remainder when 203046 is divided by 155?
151
Calculate the remainder when 18541 is divided by 44.
17
Calculate the remainder when 25718 is divided by 8547.
77
Calculate the remainder when 3801 is divided by 129.
60
What is the remainder when 367 is divided by 323?
44
What is the remainder when 4924 is divided by 2413?
98
Calculate the remainder when 958 is divided by 252.
202
What is the remainder when 3813 is divided by 45?
33
Calculate the remainder when 516896 is divided by 29.
0
What is the remainder when 9634 is divided by 249?
172
What is the remainder when 24743 is divided by 2087?
1786
Calculate the remainder when 876805 is divided by 863.
860
What is the remainder when 2121254 is divided by 855?
854
Calculate the remainder when 245467 is divided by 109.
108
Calculate the remainder when 2974 is divided by 730.
54
What is the remainder when 1307 is divided by 130?
7
What is the remainder when 26280 is divided by 208?
72
What is the remainder when 1608 is divided by 1074?
534
What is th